{"id":90,"date":"2026-02-15T10:01:00","date_gmt":"2026-02-15T13:01:00","guid":{"rendered":"https:\/\/homologacaoariete.com.br\/samba\/?post_type=destinos&#038;p=90"},"modified":"2026-02-24T13:11:11","modified_gmt":"2026-02-24T16:11:11","slug":"apart-samba-belo-horizonte-vintage","status":"publish","type":"destinos","link":"https:\/\/sambahoteis.com\/es\/destinos\/apart-samba-belo-horizonte-vintage\/","title":{"rendered":"Samba Belo Horizonte Vintage"},"content":{"rendered":"\n<p><strong>Situado pr\u00f3ximo a principal avenida do Centro de Belo Horizonte, o Samba BH Vintage, inaugurado em dezembro de 2022.<\/strong><\/p>\n\n\n\n<p>Trazendo a tona os ares cl\u00e1ssicos da d\u00e9cada de 60, totalmente reformado por\u00e9m mantendo detalhes originais da constru\u00e7\u00e3o, possui 92 apartamentos, com op\u00e7\u00f5es com varanda e todos muito bem iluminados e amplos, tornam o empreendimento um novo cl\u00e1ssico na regi\u00e3o.<\/p>\n\n\n\n<p>O empreendimento se adequa tanto a demanda corporativa, eventos e at\u00e9 mesmo lazer pois o Samba BH Vintage est\u00e1 pr\u00f3ximo aos principais centros de conven\u00e7\u00f5es, polo da moda de BH no Barro Preto al\u00e9m de ser estrat\u00e9gico para turistas que buscam a praticidade de log\u00edstica de acesso aos pontos cl\u00e1ssicos da cidade como o Parque Municipal, Shopping Centers, rodovi\u00e1ria, Feira de Artesanato e outros.<\/p>\n\n\n\n<!-- ASKSUITE CODE START --> <script id=\"script-infochat\" src='https:\/\/cdn.asksuite.com\/infochat.js?dataConfig=https:\/\/control.asksuite.com\/api\/companies\/samba-belo-horizonte-vintage'><\/script> <!-- ASKSUITE CODE END -->\n\n<!-- Meta Pixel Code -->\n<script>\n!function(f,b,e,v,n,t,s)\n{if(f.fbq)return;n=f.fbq=function(){n.callMethod?\nn.callMethod.apply(n,arguments):n.queue.push(arguments)};\nif(!f._fbq)f._fbq=n;n.push=n;n.loaded=!0;n.version='2.0';\nn.queue=[];t=b.createElement(e);t.async=!0;\nt.src=v;s=b.getElementsByTagName(e)[0];\ns.parentNode.insertBefore(t,s)}(window, document,'script',\n'https:\/\/connect.facebook.net\/en_US\/fbevents.js');\nfbq('init', '864450915478639');\nfbq('track', 'PageView');\n<\/script>\n<noscript><img height=\"1\" width=\"1\" style=\"display:none\"\nsrc=\"https:\/\/www.facebook.com\/tr?id=864450915478639&#038;ev=PageView&#038;noscript=1\"\n\/><\/noscript>\n","protected":false},"excerpt":{"rendered":"<p>Apartamentos Samba en BEB\u00c9S y m\u00e1s Antiguo, de la novedad, en Belo Horizonte. Muy bien situado y muy c\u00f3modo!<\/p>","protected":false},"featured_media":91,"template":"","meta":{"_acf_changed":false,"inline_featured_image":false},"categorias_de_destinos":[6],"cidade":[70],"estado":[74],"class_list":["post-90","destinos","type-destinos","status-publish","has-post-thumbnail","hentry","categorias_de_destinos-brasil","cidade-belo-horizonte","estado-minas-gerais"],"acf":[],"yoast_head":"<!-- This site is optimized with the Yoast SEO plugin v27.1.1 - https:\/\/yoast.com\/product\/yoast-seo-wordpress\/ -->\n<title>Samba Belo Horizonte Vintage - Samba<\/title>\n<meta name=\"robots\" content=\"index, follow, max-snippet:-1, max-image-preview:large, max-video-preview:-1\" \/>\n<link rel=\"canonical\" href=\"https:\/\/sambahoteis.com\/es\/destinos\/apart-samba-belo-horizonte-vintage\/\" \/>\n<meta property=\"og:locale\" content=\"es_ES\" \/>\n<meta property=\"og:type\" content=\"article\" \/>\n<meta property=\"og:title\" content=\"Samba Belo Horizonte Vintage - Samba\" \/>\n<meta property=\"og:description\" content=\"Apart Samba BH Vintage, novidade em Belo Horizonte. \u00d3tima localiza\u00e7\u00e3o e muito conforto!\" \/>\n<meta property=\"og:url\" content=\"https:\/\/sambahoteis.com\/es\/destinos\/apart-samba-belo-horizonte-vintage\/\" \/>\n<meta property=\"og:site_name\" content=\"Samba\" \/>\n<meta property=\"article:modified_time\" content=\"2026-02-24T16:11:11+00:00\" \/>\n<meta property=\"og:image\" content=\"https:\/\/sambahoteis.com\/wp-content\/uploads\/2025\/02\/WhatsApp-Image-2024-07-23-at-15.11.24.jpeg\" \/>\n\t<meta property=\"og:image:width\" content=\"916\" \/>\n\t<meta property=\"og:image:height\" content=\"1600\" \/>\n\t<meta property=\"og:image:type\" content=\"image\/jpeg\" \/>\n<meta name=\"twitter:card\" content=\"summary_large_image\" \/>\n<meta name=\"twitter:label1\" content=\"Tiempo de lectura\" \/>\n\t<meta name=\"twitter:data1\" content=\"1 minuto\" \/>\n<script type=\"application\/ld+json\" class=\"yoast-schema-graph\">{\"@context\":\"https:\/\/schema.org\",\"@graph\":[{\"@type\":\"WebPage\",\"@id\":\"https:\/\/sambahoteis.com\/destinos\/apart-samba-belo-horizonte-vintage\/\",\"url\":\"https:\/\/sambahoteis.com\/destinos\/apart-samba-belo-horizonte-vintage\/\",\"name\":\"Samba Belo Horizonte Vintage - Samba\",\"isPartOf\":{\"@id\":\"https:\/\/sambahoteis.com\/#website\"},\"primaryImageOfPage\":{\"@id\":\"https:\/\/sambahoteis.com\/destinos\/apart-samba-belo-horizonte-vintage\/#primaryimage\"},\"image\":{\"@id\":\"https:\/\/sambahoteis.com\/destinos\/apart-samba-belo-horizonte-vintage\/#primaryimage\"},\"thumbnailUrl\":\"https:\/\/sambahoteis.com\/wp-content\/uploads\/2025\/02\/WhatsApp-Image-2024-07-23-at-15.11.24.jpeg\",\"datePublished\":\"2026-02-15T13:01:00+00:00\",\"dateModified\":\"2026-02-24T16:11:11+00:00\",\"breadcrumb\":{\"@id\":\"https:\/\/sambahoteis.com\/destinos\/apart-samba-belo-horizonte-vintage\/#breadcrumb\"},\"inLanguage\":\"es\",\"potentialAction\":[{\"@type\":\"ReadAction\",\"target\":[\"https:\/\/sambahoteis.com\/destinos\/apart-samba-belo-horizonte-vintage\/\"]}]},{\"@type\":\"ImageObject\",\"inLanguage\":\"es\",\"@id\":\"https:\/\/sambahoteis.com\/destinos\/apart-samba-belo-horizonte-vintage\/#primaryimage\",\"url\":\"https:\/\/sambahoteis.com\/wp-content\/uploads\/2025\/02\/WhatsApp-Image-2024-07-23-at-15.11.24.jpeg\",\"contentUrl\":\"https:\/\/sambahoteis.com\/wp-content\/uploads\/2025\/02\/WhatsApp-Image-2024-07-23-at-15.11.24.jpeg\",\"width\":916,\"height\":1600},{\"@type\":\"BreadcrumbList\",\"@id\":\"https:\/\/sambahoteis.com\/destinos\/apart-samba-belo-horizonte-vintage\/#breadcrumb\",\"itemListElement\":[{\"@type\":\"ListItem\",\"position\":1,\"name\":\"In\u00edcio\",\"item\":\"https:\/\/sambahoteis.com\/\"},{\"@type\":\"ListItem\",\"position\":2,\"name\":\"Destinos\",\"item\":\"https:\/\/sambahoteis.com\/destinos\/\"},{\"@type\":\"ListItem\",\"position\":3,\"name\":\"Samba Belo Horizonte Vintage\"}]},{\"@type\":\"WebSite\",\"@id\":\"https:\/\/sambahoteis.com\/#website\",\"url\":\"https:\/\/sambahoteis.com\/\",\"name\":\"Samba\",\"description\":\"\",\"publisher\":{\"@id\":\"https:\/\/sambahoteis.com\/#organization\"},\"potentialAction\":[{\"@type\":\"SearchAction\",\"target\":{\"@type\":\"EntryPoint\",\"urlTemplate\":\"https:\/\/sambahoteis.com\/?s={search_term_string}\"},\"query-input\":{\"@type\":\"PropertyValueSpecification\",\"valueRequired\":true,\"valueName\":\"search_term_string\"}}],\"inLanguage\":\"es\"},{\"@type\":\"Organization\",\"@id\":\"https:\/\/sambahoteis.com\/#organization\",\"name\":\"Samba\",\"url\":\"https:\/\/sambahoteis.com\/\",\"logo\":{\"@type\":\"ImageObject\",\"inLanguage\":\"es\",\"@id\":\"https:\/\/sambahoteis.com\/#\/schema\/logo\/image\/\",\"url\":\"https:\/\/sambahoteis.com\/wp-content\/uploads\/2025\/02\/LOGO_SITE_2022_variacoes-2.png\",\"contentUrl\":\"https:\/\/sambahoteis.com\/wp-content\/uploads\/2025\/02\/LOGO_SITE_2022_variacoes-2.png\",\"width\":218,\"height\":33,\"caption\":\"Samba\"},\"image\":{\"@id\":\"https:\/\/sambahoteis.com\/#\/schema\/logo\/image\/\"}}]}<\/script>\n<!-- \/ Yoast SEO plugin. -->","yoast_head_json":{"title":"Samba Belo Horizonte Vintage - Samba","robots":{"index":"index","follow":"follow","max-snippet":"max-snippet:-1","max-image-preview":"max-image-preview:large","max-video-preview":"max-video-preview:-1"},"canonical":"https:\/\/sambahoteis.com\/es\/destinos\/apart-samba-belo-horizonte-vintage\/","og_locale":"es_ES","og_type":"article","og_title":"Samba Belo Horizonte Vintage - Samba","og_description":"Apart Samba BH Vintage, novidade em Belo Horizonte. \u00d3tima localiza\u00e7\u00e3o e muito conforto!","og_url":"https:\/\/sambahoteis.com\/es\/destinos\/apart-samba-belo-horizonte-vintage\/","og_site_name":"Samba","article_modified_time":"2026-02-24T16:11:11+00:00","og_image":[{"width":916,"height":1600,"url":"https:\/\/sambahoteis.com\/wp-content\/uploads\/2025\/02\/WhatsApp-Image-2024-07-23-at-15.11.24.jpeg","type":"image\/jpeg"}],"twitter_card":"summary_large_image","twitter_misc":{"Tiempo de lectura":"1 minuto"},"schema":{"@context":"https:\/\/schema.org","@graph":[{"@type":"WebPage","@id":"https:\/\/sambahoteis.com\/destinos\/apart-samba-belo-horizonte-vintage\/","url":"https:\/\/sambahoteis.com\/destinos\/apart-samba-belo-horizonte-vintage\/","name":"Samba Belo Horizonte Vintage - Samba","isPartOf":{"@id":"https:\/\/sambahoteis.com\/#website"},"primaryImageOfPage":{"@id":"https:\/\/sambahoteis.com\/destinos\/apart-samba-belo-horizonte-vintage\/#primaryimage"},"image":{"@id":"https:\/\/sambahoteis.com\/destinos\/apart-samba-belo-horizonte-vintage\/#primaryimage"},"thumbnailUrl":"https:\/\/sambahoteis.com\/wp-content\/uploads\/2025\/02\/WhatsApp-Image-2024-07-23-at-15.11.24.jpeg","datePublished":"2026-02-15T13:01:00+00:00","dateModified":"2026-02-24T16:11:11+00:00","breadcrumb":{"@id":"https:\/\/sambahoteis.com\/destinos\/apart-samba-belo-horizonte-vintage\/#breadcrumb"},"inLanguage":"es","potentialAction":[{"@type":"ReadAction","target":["https:\/\/sambahoteis.com\/destinos\/apart-samba-belo-horizonte-vintage\/"]}]},{"@type":"ImageObject","inLanguage":"es","@id":"https:\/\/sambahoteis.com\/destinos\/apart-samba-belo-horizonte-vintage\/#primaryimage","url":"https:\/\/sambahoteis.com\/wp-content\/uploads\/2025\/02\/WhatsApp-Image-2024-07-23-at-15.11.24.jpeg","contentUrl":"https:\/\/sambahoteis.com\/wp-content\/uploads\/2025\/02\/WhatsApp-Image-2024-07-23-at-15.11.24.jpeg","width":916,"height":1600},{"@type":"BreadcrumbList","@id":"https:\/\/sambahoteis.com\/destinos\/apart-samba-belo-horizonte-vintage\/#breadcrumb","itemListElement":[{"@type":"ListItem","position":1,"name":"In\u00edcio","item":"https:\/\/sambahoteis.com\/"},{"@type":"ListItem","position":2,"name":"Destinos","item":"https:\/\/sambahoteis.com\/destinos\/"},{"@type":"ListItem","position":3,"name":"Samba Belo Horizonte Vintage"}]},{"@type":"WebSite","@id":"https:\/\/sambahoteis.com\/#website","url":"https:\/\/sambahoteis.com\/","name":"La Samba","description":"","publisher":{"@id":"https:\/\/sambahoteis.com\/#organization"},"potentialAction":[{"@type":"SearchAction","target":{"@type":"EntryPoint","urlTemplate":"https:\/\/sambahoteis.com\/?s={search_term_string}"},"query-input":{"@type":"PropertyValueSpecification","valueRequired":true,"valueName":"search_term_string"}}],"inLanguage":"es"},{"@type":"Organization","@id":"https:\/\/sambahoteis.com\/#organization","name":"La Samba","url":"https:\/\/sambahoteis.com\/","logo":{"@type":"ImageObject","inLanguage":"es","@id":"https:\/\/sambahoteis.com\/#\/schema\/logo\/image\/","url":"https:\/\/sambahoteis.com\/wp-content\/uploads\/2025\/02\/LOGO_SITE_2022_variacoes-2.png","contentUrl":"https:\/\/sambahoteis.com\/wp-content\/uploads\/2025\/02\/LOGO_SITE_2022_variacoes-2.png","width":218,"height":33,"caption":"Samba"},"image":{"@id":"https:\/\/sambahoteis.com\/#\/schema\/logo\/image\/"}}]}},"_links":{"self":[{"href":"https:\/\/sambahoteis.com\/es\/wp-json\/wp\/v2\/destinos\/90","targetHints":{"allow":["GET"]}}],"collection":[{"href":"https:\/\/sambahoteis.com\/es\/wp-json\/wp\/v2\/destinos"}],"about":[{"href":"https:\/\/sambahoteis.com\/es\/wp-json\/wp\/v2\/types\/destinos"}],"wp:featuredmedia":[{"embeddable":true,"href":"https:\/\/sambahoteis.com\/es\/wp-json\/wp\/v2\/media\/91"}],"wp:attachment":[{"href":"https:\/\/sambahoteis.com\/es\/wp-json\/wp\/v2\/media?parent=90"}],"wp:term":[{"taxonomy":"categorias_de_destinos","embeddable":true,"href":"https:\/\/sambahoteis.com\/es\/wp-json\/wp\/v2\/categorias_de_destinos?post=90"},{"taxonomy":"cidade","embeddable":true,"href":"https:\/\/sambahoteis.com\/es\/wp-json\/wp\/v2\/cidade?post=90"},{"taxonomy":"estado","embeddable":true,"href":"https:\/\/sambahoteis.com\/es\/wp-json\/wp\/v2\/estado?post=90"}],"curies":[{"name":"wp","href":"https:\/\/api.w.org\/{rel}","templated":true}]}}

<p><strong>Situado próximo a principal avenida do Centro de Belo Horizonte, o Samba BH Vintage, inaugurado em dezembro de 2022.</strong></p>



<p>Trazendo a tona os ares clássicos da década de 60, totalmente reformado porém mantendo detalhes originais da construção, possui 92 apartamentos, com opções com varanda e todos muito bem iluminados e amplos, tornam o empreendimento um novo clássico na região.</p>



<p>O empreendimento se adequa tanto a demanda corporativa, eventos e até mesmo lazer pois o Samba BH Vintage está próximo aos principais centros de convenções, polo da moda de BH no Barro Preto além de ser estratégico para turistas que buscam a praticidade de logística de acesso aos pontos clássicos da cidade como o Parque Municipal, Shopping Centers, rodoviária, Feira de Artesanato e outros.</p>



<!-- ASKSUITE CODE START --> <script id="script-infochat" src='https://cdn.asksuite.com/infochat.js?dataConfig=https://control.asksuite.com/api/companies/samba-belo-horizonte-vintage'></script> <!-- ASKSUITE CODE END -->

<!-- Meta Pixel Code -->
<script>
!function(f,b,e,v,n,t,s)
{if(f.fbq)return;n=f.fbq=function(){n.callMethod?
n.callMethod.apply(n,arguments):n.queue.push(arguments)};
if(!f._fbq)f._fbq=n;n.push=n;n.loaded=!0;n.version='2.0';
n.queue=[];t=b.createElement(e);t.async=!0;
t.src=v;s=b.getElementsByTagName(e)[0];
s.parentNode.insertBefore(t,s)}(window, document,'script',
'https://connect.facebook.net/en_US/fbevents.js');
fbq('init', '864450915478639');
fbq('track', 'PageView');
</script>
<noscript><img height="1" width="1" style="display:none"
src="https://www.facebook.com/tr?id=864450915478639&#038;ev=PageView&#038;noscript=1"
/></noscript>

<p>Apartamentos Samba en BEBÉS y más Antiguo, de la novedad, en Belo Horizonte. Muy bien situado y muy cómodo!</p>

<!-- This site is optimized with the Yoast SEO plugin v27.1.1 - https://yoast.com/product/yoast-seo-wordpress/ -->
<title>Samba Belo Horizonte Vintage - Samba</title>
<meta name="robots" content="index, follow, max-snippet:-1, max-image-preview:large, max-video-preview:-1" />
<link rel="canonical" href="https://sambahoteis.com/es/destinos/apart-samba-belo-horizonte-vintage/" />
<meta property="og:locale" content="es_ES" />
<meta property="og:type" content="article" />
<meta property="og:title" content="Samba Belo Horizonte Vintage - Samba" />
<meta property="og:description" content="Apart Samba BH Vintage, novidade em Belo Horizonte. Ótima localização e muito conforto!" />
<meta property="og:url" content="https://sambahoteis.com/es/destinos/apart-samba-belo-horizonte-vintage/" />
<meta property="og:site_name" content="Samba" />
<meta property="article:modified_time" content="2026-02-24T16:11:11+00:00" />
<meta property="og:image" content="https://sambahoteis.com/wp-content/uploads/2025/02/WhatsApp-Image-2024-07-23-at-15.11.24.jpeg" />
	<meta property="og:image:width" content="916" />
	<meta property="og:image:height" content="1600" />
	<meta property="og:image:type" content="image/jpeg" />
<meta name="twitter:card" content="summary_large_image" />
<meta name="twitter:label1" content="Tiempo de lectura" />
	<meta name="twitter:data1" content="1 minuto" />
<script type="application/ld+json" class="yoast-schema-graph">{"@context":"https://schema.org","@graph":[{"@type":"WebPage","@id":"https://sambahoteis.com/destinos/apart-samba-belo-horizonte-vintage/","url":"https://sambahoteis.com/destinos/apart-samba-belo-horizonte-vintage/","name":"Samba Belo Horizonte Vintage - Samba","isPartOf":{"@id":"https://sambahoteis.com/#website"},"primaryImageOfPage":{"@id":"https://sambahoteis.com/destinos/apart-samba-belo-horizonte-vintage/#primaryimage"},"image":{"@id":"https://sambahoteis.com/destinos/apart-samba-belo-horizonte-vintage/#primaryimage"},"thumbnailUrl":"https://sambahoteis.com/wp-content/uploads/2025/02/WhatsApp-Image-2024-07-23-at-15.11.24.jpeg","datePublished":"2026-02-15T13:01:00+00:00","dateModified":"2026-02-24T16:11:11+00:00","breadcrumb":{"@id":"https://sambahoteis.com/destinos/apart-samba-belo-horizonte-vintage/#breadcrumb"},"inLanguage":"es","potentialAction":[{"@type":"ReadAction","target":["https://sambahoteis.com/destinos/apart-samba-belo-horizonte-vintage/"]}]},{"@type":"ImageObject","inLanguage":"es","@id":"https://sambahoteis.com/destinos/apart-samba-belo-horizonte-vintage/#primaryimage","url":"https://sambahoteis.com/wp-content/uploads/2025/02/WhatsApp-Image-2024-07-23-at-15.11.24.jpeg","contentUrl":"https://sambahoteis.com/wp-content/uploads/2025/02/WhatsApp-Image-2024-07-23-at-15.11.24.jpeg","width":916,"height":1600},{"@type":"BreadcrumbList","@id":"https://sambahoteis.com/destinos/apart-samba-belo-horizonte-vintage/#breadcrumb","itemListElement":[{"@type":"ListItem","position":1,"name":"Início","item":"https://sambahoteis.com/"},{"@type":"ListItem","position":2,"name":"Destinos","item":"https://sambahoteis.com/destinos/"},{"@type":"ListItem","position":3,"name":"Samba Belo Horizonte Vintage"}]},{"@type":"WebSite","@id":"https://sambahoteis.com/#website","url":"https://sambahoteis.com/","name":"Samba","description":"","publisher":{"@id":"https://sambahoteis.com/#organization"},"potentialAction":[{"@type":"SearchAction","target":{"@type":"EntryPoint","urlTemplate":"https://sambahoteis.com/?s={search_term_string}"},"query-input":{"@type":"PropertyValueSpecification","valueRequired":true,"valueName":"search_term_string"}}],"inLanguage":"es"},{"@type":"Organization","@id":"https://sambahoteis.com/#organization","name":"Samba","url":"https://sambahoteis.com/","logo":{"@type":"ImageObject","inLanguage":"es","@id":"https://sambahoteis.com/#/schema/logo/image/","url":"https://sambahoteis.com/wp-content/uploads/2025/02/LOGO_SITE_2022_variacoes-2.png","contentUrl":"https://sambahoteis.com/wp-content/uploads/2025/02/LOGO_SITE_2022_variacoes-2.png","width":218,"height":33,"caption":"Samba"},"image":{"@id":"https://sambahoteis.com/#/schema/logo/image/"}}]}</script>
<!-- / Yoast SEO plugin. -->

Apart Samba BH Vintage, novidade em Belo Horizonte. Ótima localização e muito conforto!

Início
